 g(3). Let t(y) = -y**2 + 16*y + 57. What is the hundreds digit of t(h)?
1
Let g = -40 + 42. Suppose -g*b = 3*b + 15, -4*z = -3*b - 57. Let v = z + 28. What is the units digit of v?
0
Let y = -629 - -1018. Suppose 396*f = y*f + 6566. What is the hundreds digit of f?
9
Suppose -16*w + 17*w - 8 = -a, w - 12 = -2*a. Let z(j) = 33*j**2 + 4*j - 20. What is the units digit of z(a)?
4
Let n(o) = 3*o + 38. Let z be n(-12). Suppose -35 = -z*i + 441. Suppose 5*q - 42 = i. What is the units digit of q?
6
Let y(u) = 65*u + 42. Let r(z) = -66*z - 41. Let v(f) = 5*r(f) + 6*y(f). What is the units digit of v(4)?
7
Let p(d) = -2*d**3 - 10*d**2 - 27*d - 288. What is the tens digit of p(-9)?
0
Suppose -48275 = 30*g - 1613142 - 852743. What is the thousands digit of g?
0
Suppose -2260 = -5*t - 0*t. Let w be (6 - (-8)/(-2)) + (-5)/(30/(-378)). Suppose t = 9*d + w. What is the tens digit of d?
4
Let t(x) = 2*x - 36. Let f be t(20). Suppose -65 = -4*z - h, -f*h + 35 = 2*z - h. What is the tens digit of 80/24*(z - 1)?
5
Let x = 5249 - 1516. What is the thousands digit of x?
3
Let u = 286 + -280. What is the tens digit of 12/36 - (-2218)/u?
7
Suppose -143*z = 3*u - 145*z - 21883, -14580 = -2*u - 3*z. What is the tens digit of u?
9
What is the thousands digit of (-1625)/(-78)*81 - 1/(-2)?
1
Let q = 57104 - 26352. What is the tens digit of q?
5
Suppose -27*h - 36*h + 39539 = -224053. What is the tens digit of h?
8
Let f(o) = -o**2 + 28*o - 35. Let a be f(21). Let r = a + -227. What is the hundreds digit of (2 - r) + (0 - 5)?
1
Suppose 5*h - 4*y - 2956 = 0, -11*h + y = -10*h - 592. Suppose 484*n + h = 490*n. What is the units digit of n?
8
Let g(s) be the first derivative of 20*s**3/3 - 9*s**2/2 - 2*s - 46. What is the hundreds digit of g(3)?
1
Let y(g) = 34*g**3 + 6*g**2 - g - 3. Let s = -129 - -131. What is the units digit of y(s)?
1
What is the thousands digit of -34 + 33 - -1*4 - -8152?
8
Suppose 1566 = 15*j + 39*j. Suppose j*s - 59*s + 33540 = 0. What is the tens digit of s?
1
Suppose 6*j = -62*j + 283321 + 7719. What is the units digit of j?
0
What is the thousands digit of 5291 - (-5 + 14 - -5)?
5
Let q(c) = 133*c**2 + 48*c + 101. What is the tens digit of q(13)?
0
Let g(h) = 15*h**2 + 7*h + 12. Let f be g(9). Suppose -11*j = -j - f. Suppose -c - 43 = -j. What is the units digit of c?
6
Let a be (-1)/(-5) + 1*(-14793)/15. Let m = -135 - a. What is the units digit of m?
1
Let s(x) = x**3 + 13*x**2 - x + 8. Let t(r) = r**2 - 10*r + 1. Let j be t(5). Let a be ((-156)/j)/((-2)/4). What is the units digit of s(a)?
1
Suppose -81*m - 8*m = -657354. What is the hundreds digit of m?
3
What is the tens digit of 4298 + 121 + (1*-1 - (1 + -1))?
1
Let p be 1 - -1 - 11/((-11)/(-2)). Suppose p = 10*y + 8*y - 7704. What is the hundreds digit of y?
4
Let u = 6917 + -5316. What is the hundreds digit of u?
6
Suppose 3*o - 2*o + 7 = 0. Let c be 0/((-4)/(o + 3)). Suppose p - 26 + 7 = c. What is the units digit of p?
9
Suppose -774604 = -65*g + 201696. What is the units digit of g?
0
Suppose -3*k + 21238 = -n, -4*n + 1309 = -k + 8381. What is the tens digit of k?
8
Suppose 6701380 = -0*j + 62*j + 1009284. What is the hundreds digit of j?
8
Suppose -2*u - 3960 = 3*b - 22815, 5*u - 2*b = 47090. What is the thousands digit of u?
9
Suppose -3*b - 348 = b. Let d = 5417 + -5507. Let m = b - d. What is the units digit of m?
3
Let z(x) be the third derivative of x**6/120 + 7*x**5/30 - 2*x**4/3 - 13*x**3/6 + 41*x**2. Let a be z(-15). What is the tens digit of 64*a - (1 - (-3 + 5))?
2
What is the tens digit of (-10)/((-22)/77*(-3)/(-1986))?
7
What is the thousands digit of 30/(-154) - 8/88 - (-192418)/7?
7
Let j be 9671/(-76)*(1 - -3). Let x = 629 - j. What is the units digit of x?
8
Suppose 34*v - 40230 = 309188. What is the ten thousands digit of v?
1
Suppose -100 - 146 = -a. Suppose -3*t = -i + 71 - 11, 2*i - 3*t = 114. Suppose a = 2*v - i. What is the units digit of v?
0
Let u(s) = 2*s - 16. Let d be u(8). Suppose d = b + 4*f - 158, 4*b + 4*f = -b + 726. Suppose -2*q + 3*i = i - 124, b = 2*q + 4*i. What is the tens digit of q?
6
Suppose -l + 14 = -2*t, 4*t - t = 0. Suppose 3*s = 3*h - 3177, -l*s + 10*s = 5*h - 5304. What is the tens digit of h?
6
Let x(g) = -75*g - 27. Let c = -12 + 2. What is the units digit of x(c)?
3
Let b be (360/210)/((-2)/(-252)). Suppose -q + b = -242. What is the tens digit of q?
5
What is the ten thousands digit of 416/(-1976) - (-678882)/57?
1
Let s(y) = y**3 - 4*y**2 + 4*y - 5. Let t be s(4). Let g = -11 + t. Suppose g = 12*o + o - 312. What is the tens digit of o?
2
Let a = -10 - -31. What is the units digit of (8 + 13)/(1/a) + 0?
1
Suppose 0 = 5*u - 25, -35*z - 4*u = -30*z - 45715. What is the tens digit of z?
3
Suppose 14*l = 17*l - 3, 4*u = -4*l + 262576. What is the ten thousands digit of u?
6
Let v = -692 + 702. Suppose 1448 = 3*f - 2*j, 0 = 5*f + 13*j - v*j - 2426. What is the hundreds digit of f?
4
Suppose -3*c - 4*v + 20035 = 0, -29*c - 4*v - 20003 = -32*c. What is the thousands digit of c?
6
Let i(o) = -o**3 + 7*o**2 + 11. Let a be i(7). Suppose -16*l = -a*l - 25. Suppose -l*g + 161 = -54. What is the tens digit of g?
4
Suppose 5*g + 151 = -14. Suppose -m - m = 6, 264 = -3*v + m. Let j = g - v. What is the units digit of j?
6
What is the tens digit of (-47)/(799/(-306)) - -30523?
4
Let d be (-2 - (5 + 0)) + 5. What is the tens digit of (-1496 - d)/(40/(-20))?
4
Let g(v) = -3*v**2 + v + 30. Let s be g(-8). Let k = s + 327. What is the hundreds digit of k?
1
Let y(p) = 106*p**3 + 15*p**2 - 20*p + 16. Let j(z) = 27*z**3 + 4*z**2 - 5*z + 4. Let o(c) = 9*j(c) - 2*y(c). What is the hundreds digit of o(2)?
2
Let j = 49 - 34. Let l be -1*(-3)/(-1) - (63 - j). Let h = l + 170. What is the hundreds digit of h?
1
Let b = -14788 + 32871. What is the thousands digit of b?
8
Suppose -83 - 79 = -9*t. Let x(l) = l**2 - 18*l + 2. Let o be x(t). What is the hundreds digit of (-2 - (-12)/(-18))*(-93)/o?
1
Suppose 32012 = 4*z - 134*d + 130*d, 4*z - 32022 = -d. What is the hundreds digit of z?
0
What is the units digit of (94/7 - 14)/((-4)/148876)?
8
Suppose -256734 + 1005404 = 169*q. What is the thousands digit of q?
4
Let r(m) be the second derivative of -1/12*m**4 - 34*m - 4/3*m**3 - 6*m**2 - 3/20*m**5 + 0. What is the units digit of r(-4)?
6
Let b = 130 + -178. What is the tens digit of ((-252)/b)/(1/56)?
9
Let u be 64/34 - (-18)/153. Suppose 1254 = u*y - 80. What is the tens digit of y?
6
Let x = -4704 - -10567. What is the tens digit of x?
6
What is the thousands digit of (-1 - 14/8 - -2) + 145750/8?
8
Let i = -360 - -901. Suppose -7*n + 8*n = i. What is the tens digit of n?
4
Suppose -4*k - 47*r + 37150 = -48*r, -2*k = -3*r - 18570. What is the tens digit of k?
8
What is the thousands digit of ((-9)/63)/(20/(-362740))?
2
Suppose -35*t + 51*t = 64. Suppose -3*p = 4*v - 624, -306 = -2*v - 0*v - 3*p. Suppose -t*f + v = -f. What is the tens digit of f?
5
Suppose -36*x + 90690 = -26*x. What is the hundreds digit of x?
0
Let z(g) = g**3 + 5*g**2 + 5*g + 2. Let v be z(-3). Let f(y) = -y + 24. Let l be f(v). Suppose 1 = -b + l. What is the tens digit of b?
1
Suppose 73*o + 760 = 69*o. Let w = o - -311. What is the tens digit of w?
2
Let i = -15 + 19. Suppose 1 = -q + i. Suppose 3*v = 3*b + 297, -v - 3*v = q*b - 368. What is the tens digit of v?
9
Let j = 16 - 11. Suppose 25 = -4*i - 5*x, j*x - 8*x = 3*i + 18. Let c(m) = -37*m - 5. What is the hundreds digit of c(i)?
1
Let y be 1 + (0 - 6)*(-8)/12. Suppose 0 = y*k + 125 - 575. Suppose 3*q = -5*j + k + 258, 369 = 3*q - 2*j. What is the tens digit of q?
2
Let v = -358 - -297. Let x = v + 421. What is the units digit of x?
0
Let w(r) = 3*r**3 + 33*r**2 - 704*r + 88. What is the hundreds digit of w(20)?
2
Suppose s + 39 = -5*k, -42 = 3*s + 4*k + 20. Let o = s - -18. What is the units digit of o + (5 - ((-3 - -3) + 1))?
8
Suppose -67*m + 1724372 = 432880. What is the ten thousands digit of m?
1
Let b = 109 + -107. Suppose b*i - r + 3288 = -0*i, 2*i = -2*r - 3288. What is the units digit of 4/10 - i/15?
0
Let r(v) = -3*v**3 - v**2 - v. Let s be r(0). Suppose -c = -s*c - 76. Suppose -3*z - 4*m = -c, -3*m - 70 = -3*z - m. What is the units digit of z?
4
Let y = -1680 + 3600. What is the thousands digit of y?
1
What is the thousa